{"id":9368,"date":"2023-02-16T18:08:15","date_gmt":"2023-02-16T18:08:15","guid":{"rendered":"https:\/\/www.hoteldewereld.nl\/geschichte\/"},"modified":"2025-03-18T13:46:06","modified_gmt":"2025-03-18T13:46:06","slug":"geschichte","status":"publish","type":"page","link":"https:\/\/www.hoteldewereld.nl\/de\/geschichte\/","title":{"rendered":"Geschichte"},"content":{"rendered":"<div class=\"wpb-content-wrapper\"><p>[vc_row css_animation=&#8220;&#8220; row_type=&#8220;row&#8220; use_row_as_full_screen_section=&#8220;no&#8220; type=&#8220;full_width&#8220; angled_section=&#8220;no&#8220; text_align=&#8220;left&#8220; background_image_as_pattern=&#8220;without_pattern&#8220;][vc_column][vc_column_text]<span style=\"font-weight: 400;\">Das Hotel de Wereld Wereld hat eine reiche Geschichte. In den ersten Schriften wird die damalige Loge &#8222;De Waerelt&#8220; bereits 1669 erw\u00e4hnt. Danach diente sie haupts\u00e4chlich als Zwischenstation f\u00fcr Reisende in Richtung Osten. Sp\u00e4ter diente die &#8222;Waerelt&#8220; als Haltepunkt f\u00fcr den Dampfzug zwischen Utrecht und Arnheim. Ein vornehmes Hotel, in dem sich vornehme G\u00e4ste der Universit\u00e4t Wageningen gerne aufhielten. <\/span>[\/vc_column_text][vc_empty_space height=&#8220;20px&#8220;][vc_empty_space height=&#8220;20px&#8220;][vc_gallery type=&#8220;image_grid&#8220; images=&#8220;6259,6265,6249&#8243; img_size=&#8220;400&#215;400&#8243; column_number=&#8220;3&#8243; grayscale=&#8220;no&#8220; images_space=&#8220;gallery_without_space&#8220;][vc_empty_space height=&#8220;20px&#8220;][\/vc_column][\/vc_row][vc_row css_animation=&#8220;&#8220; row_type=&#8220;row&#8220; use_row_as_full_screen_section=&#8220;no&#8220; type=&#8220;full_width&#8220; angled_section=&#8220;no&#8220; text_align=&#8220;left&#8220; background_image_as_pattern=&#8220;without_pattern&#8220;][vc_column][vc_column_text]<\/p>\n<h4>Kapitulation<b><br \/>\n<\/b><\/h4>\n<p>Das \u00e4nderte sich 1945. Seitdem ist das Hotel de Wereld als der Ort bekannt, an dem die Kapitulation der deutschen Besatzer Wirklichkeit wurde. Das Hotel de Wereld wurde vom kanadischen General Foulkes als Verhandlungsort favorisiert, da es an der damaligen Front lag, aufgrund der Evakuierung keine Zivilisten anwesend waren und der Name &#8222;The World&#8220; eine metaphorische Bedeutung hatte.[\/vc_column_text][vc_empty_space height=&#8220;20px&#8220;][vc_empty_space height=&#8220;20px&#8220;][vc_gallery type=&#8220;image_grid&#8220; images=&#8220;6298,6303,6310&#8243; img_size=&#8220;400&#215;400&#8243; column_number=&#8220;3&#8243; grayscale=&#8220;no&#8220; images_space=&#8220;gallery_without_space&#8220;][vc_empty_space height=&#8220;20px&#8220;][vc_empty_space height=&#8220;20px&#8220;][\/vc_column][\/vc_row][vc_row css_animation=&#8220;&#8220; row_type=&#8220;row&#8220; use_row_as_full_screen_section=&#8220;no&#8220; type=&#8220;full_width&#8220; angled_section=&#8220;no&#8220; text_align=&#8220;left&#8220; background_image_as_pattern=&#8220;without_pattern&#8220;][vc_column][vc_column_text]<\/p>\n<h4>Monument des Friedens und der Freiheit<\/h4>\n<p>Am 5. Mai 1945 traf Foulkes mit dem deutschen Generaloberst Blaskowitz in der heutigen &#8222;Gro\u00dfen Kapitulationshalle&#8220; zusammen, um die Kapitulation auszuhandeln. Prinz Bernhard war als Kommandeur der Inneren Streitkr\u00e4fte anwesend. Die Deutschen zeigten sich bereit zu kapitulieren, und so wurde das Hotel de Wereld 1945 zu einem &#8222;Denkmal des Friedens und der Freiheit&#8220;.[\/vc_column_text][vc_empty_space height=&#8220;20px&#8220;][vc_empty_space height=&#8220;20px&#8220;][vc_gallery type=&#8220;image_grid&#8220; images=&#8220;6310,6198,6330&#8243; img_size=&#8220;400&#215;400&#8243; column_number=&#8220;3&#8243; grayscale=&#8220;no&#8220; images_space=&#8220;gallery_without_space&#8220;][\/vc_column][\/vc_row][vc_row css_animation=&#8220;&#8220; row_type=&#8220;row&#8220; use_row_as_full_screen_section=&#8220;no&#8220; type=&#8220;full_width&#8220; angled_section=&#8220;no&#8220; text_align=&#8220;left&#8220; background_image_as_pattern=&#8220;without_pattern&#8220;][vc_column][vc_empty_space height=&#8220;20px&#8220;][vc_empty_space height=&#8220;20px&#8220;][\/vc_column][\/vc_row][vc_row css_animation=&#8220;&#8220; row_type=&#8220;row&#8220; use_row_as_full_screen_section=&#8220;no&#8220; type=&#8220;full_width&#8220; angled_section=&#8220;no&#8220; text_align=&#8220;left&#8220; background_image_as_pattern=&#8220;without_pattern&#8220;][vc_column][vc_column_text]<\/p>\n<h4>Hotel de Wereld, nach 1945<b><br \/>\n<\/b><\/h4>\n<p>Nach dem Zweiten Weltkrieg verfiel das Hotel nach und nach, bis es 1975 gr\u00fcndlich restauriert wurde. Es wurde von der Universit\u00e4t Wageningen als B\u00fcro- und Arbeitsraum genutzt. Im Jahr 2004 wurde das Anwesen erneut restauriert und erstrahlt nun in neuem Glanz. Das Geb\u00e4ude wurde wieder als Gastronomiebetrieb genutzt: Hotel de Wereld, wie wir es heute kennen.[\/vc_column_text][vc_empty_space height=&#8220;20px&#8220;][vc_empty_space height=&#8220;20px&#8220;][vc_column_text]<\/p>\n<h4>HIMGruppe<b><br \/>\n<\/b><\/h4>\n<p>Seit 1945 hat das Hotel viele Besitzer und Ziele gehabt. Im Jahr 2020 wurde das Hotel von der Achterhoek HimGruppe erworben. Diese erfahrene Unternehmergruppe hat eine Vorliebe f\u00fcr sch\u00f6ne Gastst\u00e4ttenbetriebe in denkmalgesch\u00fctzten Geb\u00e4uden. Zum Beispiel das Hotel Villa Ruimzicht in Doetinchem und LEV. Von Mike in Winterswijk an die Gruppe.[\/vc_column_text][vc_empty_space height=&#8220;20px&#8220;][vc_column_text]<\/p>\n<h4>M\u00f6chten Sie mehr erfahren?<\/h4>\n<p>M\u00f6chten Sie mehr \u00fcber den Hintergrund von Hotel de Wereld erfahren? Dann besuchen Sie <a href=\"http:\/\/www.hotel-dewereld.nl\">www.hotel-dewereld.nl.<\/a>[\/vc_column_text][\/vc_column][\/vc_row]<\/p>\n<\/div>","protected":false},"excerpt":{"rendered":"<p>[vc_row css_animation=&#8220;&#8220; row_type=&#8220;row&#8220; use_row_as_full_screen_section=&#8220;no&#8220; type=&#8220;full_width&#8220; angled_section=&#8220;no&#8220; text_align=&#8220;left&#8220; background_image_as_pattern=&#8220;without_pattern&#8220;][vc_column][vc_column_text]Das Hotel de Wereld Wereld hat eine reiche Geschichte. In den ersten Schriften wird die damalige Loge &#8222;De Waerelt&#8220; bereits 1669 erw\u00e4hnt. Danach diente sie haupts\u00e4chlich als Zwischenstation f\u00fcr Reisende in Richtung Osten. Sp\u00e4ter diente die &#8222;Waerelt&#8220; als Haltepunkt f\u00fcr den Dampfzug zwischen&#8230;<\/p>\n","protected":false},"author":1,"featured_media":0,"parent":0,"menu_order":0,"comment_status":"closed","ping_status":"closed","template":"","meta":{"_acf_changed":false,"_joinchat":[],"footnotes":""},"class_list":["post-9368","page","type-page","status-publish","hentry"],"acf":[],"yoast_head":"<!-- This site is optimized with the Yoast SEO plugin v27.1.1 - https:\/\/yoast.com\/product\/yoast-seo-wordpress\/ -->\n<title>Geschichte - Hotel de Wereld<\/title>\n<meta name=\"description\" content=\"Das Hotel de Wereld Wereld hat eine reiche Geschichte. Die erste Schrift stammt von &quot;de Waerelt&quot; aus dem Jahr 1669 und wurde durch ihre Kapitulation weltber\u00fchmt.\" \/>\n<meta name=\"robots\" content=\"index, follow, max-snippet:-1, max-image-preview:large, max-video-preview:-1\" \/>\n<link rel=\"canonical\" href=\"https:\/\/www.hoteldewereld.nl\/de\/geschichte\/\" \/>\n<meta property=\"og:locale\" content=\"de_DE\" \/>\n<meta property=\"og:type\" content=\"article\" \/>\n<meta property=\"og:title\" content=\"Geschichte - Hotel de Wereld\" \/>\n<meta property=\"og:description\" content=\"Das Hotel de Wereld Wereld hat eine reiche Geschichte. Die erste Schrift stammt von &quot;de Waerelt&quot; aus dem Jahr 1669 und wurde durch ihre Kapitulation weltber\u00fchmt.\" \/>\n<meta property=\"og:url\" content=\"https:\/\/www.hoteldewereld.nl\/de\/geschichte\/\" \/>\n<meta property=\"og:site_name\" content=\"Hotel de Wereld\" \/>\n<meta property=\"article:modified_time\" content=\"2025-03-18T13:46:06+00:00\" \/>\n<meta name=\"twitter:card\" content=\"summary_large_image\" \/>\n<meta name=\"twitter:label1\" content=\"Gesch\u00e4tzte Lesezeit\" \/>\n\t<meta name=\"twitter:data1\" content=\"2\u00a0Minuten\" \/>\n<script type=\"application\/ld+json\" class=\"yoast-schema-graph\">{\"@context\":\"https:\/\/schema.org\",\"@graph\":[{\"@type\":\"WebPage\",\"@id\":\"https:\/\/www.hoteldewereld.nl\/de\/geschichte\/\",\"url\":\"https:\/\/www.hoteldewereld.nl\/de\/geschichte\/\",\"name\":\"Geschichte - Hotel de Wereld\",\"isPartOf\":{\"@id\":\"https:\/\/www.hoteldewereld.nl\/de\/#website\"},\"datePublished\":\"2023-02-16T18:08:15+00:00\",\"dateModified\":\"2025-03-18T13:46:06+00:00\",\"description\":\"Das Hotel de Wereld Wereld hat eine reiche Geschichte. Die erste Schrift stammt von \\\"de Waerelt\\\" aus dem Jahr 1669 und wurde durch ihre Kapitulation weltber\u00fchmt.\",\"inLanguage\":\"de\",\"potentialAction\":[{\"@type\":\"ReadAction\",\"target\":[\"https:\/\/www.hoteldewereld.nl\/de\/geschichte\/\"]}]},{\"@type\":\"WebSite\",\"@id\":\"https:\/\/www.hoteldewereld.nl\/de\/#website\",\"url\":\"https:\/\/www.hoteldewereld.nl\/de\/\",\"name\":\"Hotel de Wereld\",\"description\":\"Waar Vrijheid, Verwennen en Veluwe samenkomen\",\"potentialAction\":[{\"@type\":\"SearchAction\",\"target\":{\"@type\":\"EntryPoint\",\"urlTemplate\":\"https:\/\/www.hoteldewereld.nl\/de\/?s={search_term_string}\"},\"query-input\":{\"@type\":\"PropertyValueSpecification\",\"valueRequired\":true,\"valueName\":\"search_term_string\"}}],\"inLanguage\":\"de\"}]}<\/script>\n<!-- \/ Yoast SEO plugin. -->","yoast_head_json":{"title":"Geschichte - Hotel de Wereld","description":"Das Hotel de Wereld Wereld hat eine reiche Geschichte. Die erste Schrift stammt von \"de Waerelt\" aus dem Jahr 1669 und wurde durch ihre Kapitulation weltber\u00fchmt.","robots":{"index":"index","follow":"follow","max-snippet":"max-snippet:-1","max-image-preview":"max-image-preview:large","max-video-preview":"max-video-preview:-1"},"canonical":"https:\/\/www.hoteldewereld.nl\/de\/geschichte\/","og_locale":"de_DE","og_type":"article","og_title":"Geschichte - Hotel de Wereld","og_description":"Das Hotel de Wereld Wereld hat eine reiche Geschichte. Die erste Schrift stammt von \"de Waerelt\" aus dem Jahr 1669 und wurde durch ihre Kapitulation weltber\u00fchmt.","og_url":"https:\/\/www.hoteldewereld.nl\/de\/geschichte\/","og_site_name":"Hotel de Wereld","article_modified_time":"2025-03-18T13:46:06+00:00","twitter_card":"summary_large_image","twitter_misc":{"Gesch\u00e4tzte Lesezeit":"2\u00a0Minuten"},"schema":{"@context":"https:\/\/schema.org","@graph":[{"@type":"WebPage","@id":"https:\/\/www.hoteldewereld.nl\/de\/geschichte\/","url":"https:\/\/www.hoteldewereld.nl\/de\/geschichte\/","name":"Geschichte - Hotel de Wereld","isPartOf":{"@id":"https:\/\/www.hoteldewereld.nl\/de\/#website"},"datePublished":"2023-02-16T18:08:15+00:00","dateModified":"2025-03-18T13:46:06+00:00","description":"Das Hotel de Wereld Wereld hat eine reiche Geschichte. Die erste Schrift stammt von \"de Waerelt\" aus dem Jahr 1669 und wurde durch ihre Kapitulation weltber\u00fchmt.","inLanguage":"de","potentialAction":[{"@type":"ReadAction","target":["https:\/\/www.hoteldewereld.nl\/de\/geschichte\/"]}]},{"@type":"WebSite","@id":"https:\/\/www.hoteldewereld.nl\/de\/#website","url":"https:\/\/www.hoteldewereld.nl\/de\/","name":"Hotel de Wereld","description":"Waar Vrijheid, Verwennen en Veluwe samenkomen","potentialAction":[{"@type":"SearchAction","target":{"@type":"EntryPoint","urlTemplate":"https:\/\/www.hoteldewereld.nl\/de\/?s={search_term_string}"},"query-input":{"@type":"PropertyValueSpecification","valueRequired":true,"valueName":"search_term_string"}}],"inLanguage":"de"}]}},"_links":{"self":[{"href":"https:\/\/www.hoteldewereld.nl\/de\/wp-json\/wp\/v2\/pages\/9368","targetHints":{"allow":["GET"]}}],"collection":[{"href":"https:\/\/www.hoteldewereld.nl\/de\/wp-json\/wp\/v2\/pages"}],"about":[{"href":"https:\/\/www.hoteldewereld.nl\/de\/wp-json\/wp\/v2\/types\/page"}],"author":[{"embeddable":true,"href":"https:\/\/www.hoteldewereld.nl\/de\/wp-json\/wp\/v2\/users\/1"}],"replies":[{"embeddable":true,"href":"https:\/\/www.hoteldewereld.nl\/de\/wp-json\/wp\/v2\/comments?post=9368"}],"version-history":[{"count":5,"href":"https:\/\/www.hoteldewereld.nl\/de\/wp-json\/wp\/v2\/pages\/9368\/revisions"}],"predecessor-version":[{"id":11221,"href":"https:\/\/www.hoteldewereld.nl\/de\/wp-json\/wp\/v2\/pages\/9368\/revisions\/11221"}],"wp:attachment":[{"href":"https:\/\/www.hoteldewereld.nl\/de\/wp-json\/wp\/v2\/media?parent=9368"}],"curies":[{"name":"wp","href":"https:\/\/api.w.org\/{rel}","templated":true}]}}

<div class="wpb-content-wrapper"><p>[vc_row css_animation=&#8220;&#8220; row_type=&#8220;row&#8220; use_row_as_full_screen_section=&#8220;no&#8220; type=&#8220;full_width&#8220; angled_section=&#8220;no&#8220; text_align=&#8220;left&#8220; background_image_as_pattern=&#8220;without_pattern&#8220;][vc_column][vc_column_text]<span style="font-weight: 400;">Das Hotel de Wereld Wereld hat eine reiche Geschichte. In den ersten Schriften wird die damalige Loge &#8222;De Waerelt&#8220; bereits 1669 erwähnt. Danach diente sie hauptsächlich als Zwischenstation für Reisende in Richtung Osten. Später diente die &#8222;Waerelt&#8220; als Haltepunkt für den Dampfzug zwischen Utrecht und Arnheim. Ein vornehmes Hotel, in dem sich vornehme Gäste der Universität Wageningen gerne aufhielten. </span>[/vc_column_text][vc_empty_space height=&#8220;20px&#8220;][vc_empty_space height=&#8220;20px&#8220;][vc_gallery type=&#8220;image_grid&#8220; images=&#8220;6259,6265,6249&#8243; img_size=&#8220;400&#215;400&#8243; column_number=&#8220;3&#8243; grayscale=&#8220;no&#8220; images_space=&#8220;gallery_without_space&#8220;][vc_empty_space height=&#8220;20px&#8220;][/vc_column][/vc_row][vc_row css_animation=&#8220;&#8220; row_type=&#8220;row&#8220; use_row_as_full_screen_section=&#8220;no&#8220; type=&#8220;full_width&#8220; angled_section=&#8220;no&#8220; text_align=&#8220;left&#8220; background_image_as_pattern=&#8220;without_pattern&#8220;][vc_column][vc_column_text]</p>
<h4>Kapitulation<b><br />
</b></h4>
<p>Das änderte sich 1945. Seitdem ist das Hotel de Wereld als der Ort bekannt, an dem die Kapitulation der deutschen Besatzer Wirklichkeit wurde. Das Hotel de Wereld wurde vom kanadischen General Foulkes als Verhandlungsort favorisiert, da es an der damaligen Front lag, aufgrund der Evakuierung keine Zivilisten anwesend waren und der Name &#8222;The World&#8220; eine metaphorische Bedeutung hatte.[/vc_column_text][vc_empty_space height=&#8220;20px&#8220;][vc_empty_space height=&#8220;20px&#8220;][vc_gallery type=&#8220;image_grid&#8220; images=&#8220;6298,6303,6310&#8243; img_size=&#8220;400&#215;400&#8243; column_number=&#8220;3&#8243; grayscale=&#8220;no&#8220; images_space=&#8220;gallery_without_space&#8220;][vc_empty_space height=&#8220;20px&#8220;][vc_empty_space height=&#8220;20px&#8220;][/vc_column][/vc_row][vc_row css_animation=&#8220;&#8220; row_type=&#8220;row&#8220; use_row_as_full_screen_section=&#8220;no&#8220; type=&#8220;full_width&#8220; angled_section=&#8220;no&#8220; text_align=&#8220;left&#8220; background_image_as_pattern=&#8220;without_pattern&#8220;][vc_column][vc_column_text]</p>
<h4>Monument des Friedens und der Freiheit</h4>
<p>Am 5. Mai 1945 traf Foulkes mit dem deutschen Generaloberst Blaskowitz in der heutigen &#8222;Großen Kapitulationshalle&#8220; zusammen, um die Kapitulation auszuhandeln. Prinz Bernhard war als Kommandeur der Inneren Streitkräfte anwesend. Die Deutschen zeigten sich bereit zu kapitulieren, und so wurde das Hotel de Wereld 1945 zu einem &#8222;Denkmal des Friedens und der Freiheit&#8220;.[/vc_column_text][vc_empty_space height=&#8220;20px&#8220;][vc_empty_space height=&#8220;20px&#8220;][vc_gallery type=&#8220;image_grid&#8220; images=&#8220;6310,6198,6330&#8243; img_size=&#8220;400&#215;400&#8243; column_number=&#8220;3&#8243; grayscale=&#8220;no&#8220; images_space=&#8220;gallery_without_space&#8220;][/vc_column][/vc_row][vc_row css_animation=&#8220;&#8220; row_type=&#8220;row&#8220; use_row_as_full_screen_section=&#8220;no&#8220; type=&#8220;full_width&#8220; angled_section=&#8220;no&#8220; text_align=&#8220;left&#8220; background_image_as_pattern=&#8220;without_pattern&#8220;][vc_column][vc_empty_space height=&#8220;20px&#8220;][vc_empty_space height=&#8220;20px&#8220;][/vc_column][/vc_row][vc_row css_animation=&#8220;&#8220; row_type=&#8220;row&#8220; use_row_as_full_screen_section=&#8220;no&#8220; type=&#8220;full_width&#8220; angled_section=&#8220;no&#8220; text_align=&#8220;left&#8220; background_image_as_pattern=&#8220;without_pattern&#8220;][vc_column][vc_column_text]</p>
<h4>Hotel de Wereld, nach 1945<b><br />
</b></h4>
<p>Nach dem Zweiten Weltkrieg verfiel das Hotel nach und nach, bis es 1975 gründlich restauriert wurde. Es wurde von der Universität Wageningen als Büro- und Arbeitsraum genutzt. Im Jahr 2004 wurde das Anwesen erneut restauriert und erstrahlt nun in neuem Glanz. Das Gebäude wurde wieder als Gastronomiebetrieb genutzt: Hotel de Wereld, wie wir es heute kennen.[/vc_column_text][vc_empty_space height=&#8220;20px&#8220;][vc_empty_space height=&#8220;20px&#8220;][vc_column_text]</p>
<h4>HIMGruppe<b><br />
</b></h4>
<p>Seit 1945 hat das Hotel viele Besitzer und Ziele gehabt. Im Jahr 2020 wurde das Hotel von der Achterhoek HimGruppe erworben. Diese erfahrene Unternehmergruppe hat eine Vorliebe für schöne Gaststättenbetriebe in denkmalgeschützten Gebäuden. Zum Beispiel das Hotel Villa Ruimzicht in Doetinchem und LEV. Von Mike in Winterswijk an die Gruppe.[/vc_column_text][vc_empty_space height=&#8220;20px&#8220;][vc_column_text]</p>
<h4>Möchten Sie mehr erfahren?</h4>
<p>Möchten Sie mehr über den Hintergrund von Hotel de Wereld erfahren? Dann besuchen Sie <a href="http://www.hotel-dewereld.nl">www.hotel-dewereld.nl.</a>[/vc_column_text][/vc_column][/vc_row]</p>
</div>

<p>[vc_row css_animation=&#8220;&#8220; row_type=&#8220;row&#8220; use_row_as_full_screen_section=&#8220;no&#8220; type=&#8220;full_width&#8220; angled_section=&#8220;no&#8220; text_align=&#8220;left&#8220; background_image_as_pattern=&#8220;without_pattern&#8220;][vc_column][vc_column_text]Das Hotel de Wereld Wereld hat eine reiche Geschichte. In den ersten Schriften wird die damalige Loge &#8222;De Waerelt&#8220; bereits 1669 erwähnt. Danach diente sie hauptsächlich als Zwischenstation für Reisende in Richtung Osten. Später diente die &#8222;Waerelt&#8220; als Haltepunkt für den Dampfzug zwischen&#8230;</p>

<!-- This site is optimized with the Yoast SEO plugin v27.1.1 - https://yoast.com/product/yoast-seo-wordpress/ -->
<title>Geschichte - Hotel de Wereld</title>
<meta name="description" content="Das Hotel de Wereld Wereld hat eine reiche Geschichte. Die erste Schrift stammt von &quot;de Waerelt&quot; aus dem Jahr 1669 und wurde durch ihre Kapitulation weltberühmt." />
<meta name="robots" content="index, follow, max-snippet:-1, max-image-preview:large, max-video-preview:-1" />
<link rel="canonical" href="https://www.hoteldewereld.nl/de/geschichte/" />
<meta property="og:locale" content="de_DE" />
<meta property="og:type" content="article" />
<meta property="og:title" content="Geschichte - Hotel de Wereld" />
<meta property="og:description" content="Das Hotel de Wereld Wereld hat eine reiche Geschichte. Die erste Schrift stammt von &quot;de Waerelt&quot; aus dem Jahr 1669 und wurde durch ihre Kapitulation weltberühmt." />
<meta property="og:url" content="https://www.hoteldewereld.nl/de/geschichte/" />
<meta property="og:site_name" content="Hotel de Wereld" />
<meta property="article:modified_time" content="2025-03-18T13:46:06+00:00" />
<meta name="twitter:card" content="summary_large_image" />
<meta name="twitter:label1" content="Geschätzte Lesezeit" />
	<meta name="twitter:data1" content="2 Minuten" />
<script type="application/ld+json" class="yoast-schema-graph">{"@context":"https://schema.org","@graph":[{"@type":"WebPage","@id":"https://www.hoteldewereld.nl/de/geschichte/","url":"https://www.hoteldewereld.nl/de/geschichte/","name":"Geschichte - Hotel de Wereld","isPartOf":{"@id":"https://www.hoteldewereld.nl/de/#website"},"datePublished":"2023-02-16T18:08:15+00:00","dateModified":"2025-03-18T13:46:06+00:00","description":"Das Hotel de Wereld Wereld hat eine reiche Geschichte. Die erste Schrift stammt von \"de Waerelt\" aus dem Jahr 1669 und wurde durch ihre Kapitulation weltberühmt.","inLanguage":"de","potentialAction":[{"@type":"ReadAction","target":["https://www.hoteldewereld.nl/de/geschichte/"]}]},{"@type":"WebSite","@id":"https://www.hoteldewereld.nl/de/#website","url":"https://www.hoteldewereld.nl/de/","name":"Hotel de Wereld","description":"Waar Vrijheid, Verwennen en Veluwe samenkomen","potentialAction":[{"@type":"SearchAction","target":{"@type":"EntryPoint","urlTemplate":"https://www.hoteldewereld.nl/de/?s={search_term_string}"},"query-input":{"@type":"PropertyValueSpecification","valueRequired":true,"valueName":"search_term_string"}}],"inLanguage":"de"}]}</script>
<!-- / Yoast SEO plugin. -->

Das Hotel de Wereld Wereld hat eine reiche Geschichte. Die erste Schrift stammt von "de Waerelt" aus dem Jahr 1669 und wurde durch ihre Kapitulation weltberühmt.
